(c) be the second derivative of k(c). Give b(-5).
2
Let j(b) = b + 1. Suppose -360 = -2*k - 358. Determine j(k).
2
Let m(r) = -5*r - 5. Let j(h) = 2. Let c(i) = -3*j(i) - m(i). Give c(7).
34
Let v(r) = -2*r - 5. Let h be v(-4). Let z(k) be the second derivative of -k**5/20 + k**4/3 - k**3/2 - k**2/2 - k. What is z(h)?
-1
Suppose 5*k = 22*t - 23*t - 7, -2*t = -k + 3. Let p(m) = 3*m**2 + m - 4. Give p(t).
6
Let f(j) = -3*j + 10. Let u(r) = -r**2 - 8*r - 5. Let s be u(-5). Let v(h) = -h**2 + 8*h + 24. Let n be v(s). Suppose -n*p = -2*p - 14. Give f(p).
-11
Let q(r) = -4*r**3 + r + 3. Let l(p) = -7*p**3 + p**2 + p + 5. Let t(n) = -3*l(n) + 5*q(n). Determine t(2).
0
Let l(u) = -12*u - 4. Suppose 2*g - 5*h + 17 = 0, 0 = g + g - 2*h + 14. Calculate l(g).
68
Let o = -47 + 45. Suppose 6 = 4*c - 10. Let f(u) = -2*u**2 - 6*u - u**3 - 1 + 0*u**2 - 2 + c*u. Give f(o).
1
Let g(m) = 7*m**3 + 6*m**2 - 5*m. Let i(o) = -13*o**3 - 11*o**2 + 9*o + 1. Let l(b) = -11*g(b) - 6*i(b). Give l(0).
-6
Let d = 4 - 11. Let g(n) = -10*n - 6. Suppose 0*u + 16 = -4*u, 3*a = -u + 2. Let b(q) = -q - 1. Let y(x) = a*g(x) - 22*b(x). Calculate y(d).
-4
Let f(k) be the first derivative of k**4/4 + 8*k**3/3 + 3*k**2 - 4*k - 68. Calculate f(-7).
3
Let v(m) = 4 + 7*m + 13*m**2 - 2*m + 4*m**2 - 9*m - 16*m**2. Give v(4).
4
Let j(x) = -x + 1. Suppose 0 = 3*z + 2*r, 0*r = 2*r. Suppose -2*q + 3*q - 3*l - 10 = z, 3*l - 40 = -4*q. Let n = -13 + q. Calculate j(n).
4
Let g = -64 + 78. Let l be ((-8)/g)/(24/(-84)). Let u(o) = -2*o**3 + 2*o**2 + 3*o - 3. What is u(l)?
-5
Suppose 0 = 2*h - 4*h. Suppose 5*d + 3*n - n = 6, h = -2*d - 3*n - 2. Let a(y) = y**2 + y - 2. Let w(u) = 2*u - 2. Let g(r) = -a(r) + w(r). Calculate g(d).
-2
Let n(i) = -5*i**2 + 9*i - 7. Let b be n(2). Let p(x) = x**2 + 9*x + 8. Determine p(b).
8
Suppose 0 = -5*t + 10, -k + 4*k - 2*t = -1. Let c(v) = -2*v**2 - 7*v + k - v**2 + 5*v**2 + v**3 + 2*v**2. Let l be 4/(-14) - 33/7. What is c(l)?
11
Let f(s) be the first derivative of -s**3/3 + 5*s**2/2 + 3*s - 3. What is f(6)?
-3
Let h(s) = -2*s - 9. Let v be h(-2). Let g(r) = -3*r**3 - 17*r**2 - r + 9. Let o(a) = -2*a**3 - 9*a**2 - a + 4. Let b(y) = v*o(y) + 3*g(y). Calculate b(5).
-8
Let h = 23 + -15. Suppose -4*c = h - 0. Let l(q) be the third derivative of q**5/60 + q**4/24 - q**3/6 - q**2. What is l(c)?
1
Let t be (0 - 3)*(-2)/3. Let l(b) = b - 152 - t*b + 150. Give l(5).
-7
Suppose -8*j - 8 = -7*j. Let o(y) = 4*y + 5. Let f(m) = 12*m + 16. Let p(a) = j*o(a) + 3*f(a). Calculate p(-6).
-16
Suppose 3*z - 16 = -5*z. Let i(n) = -21*n**2 - 4*n - 7*n**2 + 1 + 30*n**z + n**3. Give i(-4).
-15
Let f(a) = a**2 - 8*a + 7. Let x be f(8). Let r(k) = 4 + k - 3 - x*k. Suppose 9*b + 198 + 187 - 394 = 0. Determine r(b).
-5
Let l(j) be the second derivative of -1/2*j**2 - 1/20*j**5 + 2*j + 2/3*j**3 + 1/4*j**4 - 3. What is l(4)?
-1
Let b(f) = -76*f + 224*f - 8 - 76*f - 69*f + 22. Determine b(-6).
-4
Suppose 51 = 5*l - 2*l. Suppose 5*k + 2*p + l = p, -k = 2*p - 2. Let b(a) = -a**3 - 5*a**2 - 4*a + 3. Give b(k).
3
Let r(o) be the second derivative of -o**3/6 - 5*o**2/2 - 10*o - 4. Give r(-8).
3
Let h(n) = 2*n + 2. Suppose 5*u - 2*p + 40 = 0, 0 = 3*u + p + 10 + 14. Give h(u).
-14
Let m(i) = 27*i + 0*i**2 + 2 + 2*i**2 - 5*i**3 + i**3 + 3*i**3 - 22*i. Let g(d) = d - 2. Let v be g(6). Determine m(v).
-10
Let a = -43 + 44. Let m = a + 1. Let w(r) = -2*r**3 + r**2 - 3*r - 2. Let k(h) = 2*h**3 - h**2 + 2*h + 2. Let z(y) = -6*k(y) - 5*w(y). Determine z(m).
-8
Let u(f) = -7*f**2 + 2. Let o(s) = -8*s**2 - s + 3. Let r(g) = -5*o(g) + 6*u(g). What is r(3)?
-6
Let s(b) = b - 4. Let t(c) = c - 4. Let i(q) = -1. Let u(n) = -i(n) - t(n). Let r be u(10). What is s(r)?
-9
Let k(o) = o**3 - 21*o**2 + 21*o + 19. Let i = -430 + 450. What is k(i)?
39
Let j(r) be the second derivative of -r**5/20 + 5*r**4/12 - r**3/6 + r**2 + 14*r + 5. Give j(4).
14
Let y(n) = -5*n - 2. Let d(b) = -b - 1. Let s(q) = 3*d(q) - y(q). Let u(c) = -c**2 + 15*c + 20. Let w be u(15). Let g be 18/10 - -2*2/w. Calculate s(g).
3
Let j(a) be the first derivative of a**3/3 - 9*a**2/2 + 5*a - 298. Determine j(8).
-3
Suppose -5 = 5*q + 30. Let u(i) = -5*i + 5. Let m(d) = 3*d - 2. Let y(l) = q*m(l) - 4*u(l). Let b = 7757 - 7757. What is y(b)?
-6
Let c(o) be the third derivative of -3*o**4/4 - o**3/6 - 274*o**2. What is c(1)?
-19
Let b(o) = -7*o**2 - 1. Let v be ((-18)/(-27))/(((-40)/12)/5). Calculate b(v).
-8
Let c(q) = -10. Let r(y) = 3*y - 8. Let b(g) = -2*c(g) + r(g). Determine b(-5).
-3
Let q(k) = -k**3 + 2*k**2 - 2*k + 1. Suppose 0*b + 3*b - 3 = 0. Let n be q(b). Let h(l) be the second derivative of -l**4/12 + 3*l**2 - l. Give h(n).
6
Suppose 0*s + 2 = 2*s. Let h(k) = -2*k + k + 1 + s. Let o(u) = 3*u - 13. Let j be o(6). What is h(j)?
-3
Let r(o) be the third derivative of 0 + 0*o + o**2 + 1/12*o**4 + 1/6*o**3. Suppose -6*j + 12 = 4*v - 8*j, -5*v = 4*j + 11. Determine r(v).
3
Let j be -9 + 2 + 0 + -1. Let l(d) = 9*d**2 + 7*d + 2 + 6*d**3 + 9 - 19 - 5*d**3. Give l(j).
0
Let c(l) = 2*l - 1. Suppose a = -38*a - 78. Give c(a).
-5
Let h(s) be the second derivative of 5*s**4/12 - 2*s**3/3 + 3*s**2/2 - 90*s. What is h(1)?
4
Let z(f) = -f - 9. Suppose -3*w = -7*w. Let t(a) = -a**3 - a**2 - a. Let r be t(w). Let j be (r/(4 - 0))/2. Determine z(j).
-9
Let t = 25 - 20. Suppose 6*g = g - t. Let l(j) = 15*j**2 + 2*j + 13. Let y(v) = 7*v**2 + v + 6. Let z(u) = -6*l(u) + 13*y(u). Calculate z(g).
0
Suppose 34 + 0 = -2*c. Let u(b) = -b**3 + 3*b**2 + 2*b + 2. Let k(r) = -3*r**3 + 8*r**2 + 6*r + 6. Let d(f) = c*u(f) + 6*k(f). Calculate d(-4).
10
Suppose 2*h + 30 - 18 = -2*u, -3*h - 4*u - 20 = 0. Let q(k) = -k - 1. Let s(g) = 4*g + 2. Let p(r) = 6*q(r) + s(r). Give p(h).
4
Let v(z) be the second derivative of 5*z**3/6 + z**2 - 27*z - 1. Give v(8).
42
Suppose 4*n + 25 = -3*h - 14, 5*h = 4*n - 33. Let d(a) = 3*a + 17. Let g(x) = 10*x + 51. Let b(w) = 7*d(w) - 2*g(w). What is b(h)?
8
Suppose -6*b = -0*b - 30. Let r(p) = p**3 - 2 + b*p**2 + 0*p**2 - 20*p + 23*p. Calculate r(-4).
2
Let u(z) = -4*z**2 - 3*z - 2. Suppose 5*m = 11*m + 12. Let o(a) = 5*a**2 + 4*a + 3. Let s(n) = m*o(n) - 3*u(n). Determine s(1).
3
Let w = 21 + -4. Let d = w - 23. Let b(v) be the first derivative of v**2 + 7*v + 4. Give b(d).
-5
Let z(f) = -2 + 5 - f**2 + 3*f - f**3 - 9*f + 7*f**2. Let m(h) = -h**3 - 4*h**2 - 2*h + 4. Let c be m(-4). Let s = c - 7. Give z(s).
-2
Let a(i) = 4*i**2 + 8*i - 999 + 0*i**2 + 986 - 4*i**2 + i**2. Determine a(-9).
-4
Suppose -2*g - 88 = 6*g. Let w(m) = m**2 + 13 + 12*m + 4*m - 4*m. Let a be w(g). Let i(b) = -2*b + 1. What is i(a)?
-3
Let o(j) = -2*j**2 + 71. Let x be o(0). Suppose 68*s - 6 = x*s. Let v(r) = r**2 - 3*r - 3. What is v(s)?
7
Let z(f) = -f**3 + 9*f**2 - 8*f + 2. Let y be (8/10)/((-5)/(-50)). Let n be z(y). Let g(v) = 3*v - 2 - 3*v + 3 - 5*v**n. Calculate g(1).
-4
Suppose 0 = -10*j + 53 - 273. Let y(z) = z**2 + 22*z + 6. Determine y(j).
6
Let z(h) = -h**3 - 5*h**2. Suppose -o - o = 2. Let y be ((-5)/(-2) - o)*6. Let d = 17 - y. Calculate z(d).
-16
Let z(r) be the first derivative of r**4/4 - 4*r**3/3 - 5*r**2/2 - 6*r - 890. Determine z(5).
-6
Suppose 2435*y - 2413*y + 22 = 0. Let k(m) = 5*m**3 + 2*m**2 + 2*m + 1. Give k(y).
-4
Let i(t) = -5*t**3 + t**2 + 3*t + 20. Let p(m) = 26 - 11 - 15 + m**3 - m. Let o(q) = i(q) + 4*p(q). Calculate o(0).
20
Let i = -157 - -444. Let g(m) = 9*m + i - 146 - 140. Determine g(1).
10
Let g(a) = -2*a + 8. Let i be (-4)/8*4/(-6)*-18. Give g(i).
20
Let p(a) = a**3 + 3*a**2 + 2*a - 2. Let o = 228 + -231. What is p(o)?
-8
Let j(m) = 4*m - 9. Let y be 6 + 294/(-48) - 124/32. Give j(y).
-25
Let f(z) = z**3 - 11*z**2 - 4*z - 7. Let w(u) = u + 1. Let i(a) = -f(a) - 2*w(a). Let x(m) = -m**3 + 10*m**2 + m + 5. Let c(b) = -4*i(b) + 5*x(b). Give c(5).
15
Let u(z) = -z**3 - 9*z**2 - 8*z + 8. Let c(f) = 94*f**2 - 2*f + 1. Let a be c(1). Let h be (-4)/6 + 3 + a/(-9). Determine u(h).
8
Let c(n) = -1 + 5*n + 7 - 1 - 2. Let f be 4/10*(7 + -2). Let p(s) = 25*s + 15. Let r(m) = f*p(m) - 11*c(m). Give r(-2).
7
Let v(z) = -5*z + 5. Let k(b) = -11*b + 9. Let c(t) = -2*k(t) + 5*v(t). Let a be (35/21)/(10/36). What is c(a)?
-11
Let u(h) = -3*h**3 + 6 + 7*h**2 + 2*h**3 + 9 - 18. Let d be u(7). Let y(n) = n - n - 1 - n**2 - n. What is y(d)?
-7
Suppose